s the greatest common divisor of y and x?
19
Let n(j) be the third derivative of j**5/60 + 5*j**4/24 - 17*j**3/6 - 6*j**2. Let q be n(6). Calculate the highest common divisor of 7 and q.
7
Suppose -s = 4*j - 32, 5*j - 2*s = 9*j - 32. Calculate the greatest common factor of 1 and j.
1
Suppose 3 + 5 = 4*m. Let y be ((-2)/6)/(m/(-18)). Suppose r + 7 = 2*g - 0, 5*r + 20 = -5*g. Calculate the highest common divisor of g and y.
1
Suppose -17*m + 99 = -6*m. Suppose 0 = 5*u + 2*y + y - 42, 4 = -4*y. Calculate the highest common factor of u and m.
9
Let m(z) = 20*z**2 - z + 1. Let y be m(1). Suppose -4*a - 5 + 18 = -f, -2*f + 7 = 3*a. Suppose -a*j + 82 = -8. What is the greatest common factor of j and y?
10
Let r(c) = 7*c**2 + 3*c + 1. Let l = 1 - 6. Let b be r(l). What is the highest common divisor of b and 23?
23
Let y(z) = -z**2 - z. Let r be y(-6). Let n be ((-24)/r)/(4/10). Suppose 4*p - 5*d = 49 + 57, -92 = -4*p - n*d. What is the highest common factor of 3 and p?
3
Suppose -4*w + 48 = -0*w. Suppose 3*n - w = -n. Suppose 13 = j - n. What is the greatest common divisor of 48 and j?
16
Let q be (-4)/6 + (-282)/(-18). Calculate the greatest common divisor of q and 30.
15
Suppose -8*a + 12*a - 264 = 0. What is the greatest common divisor of 6 and a?
6
Let o = -11 - -43. What is the greatest common factor of 80 and o?
16
Suppose 3*z + 0*z - 9 = 0. Let g be (8/z)/(2/3). Suppose -a = -4*t + 4, -g*a = 6*t - t - 5. Calculate the highest common factor of t and 4.
1
Suppose 0 = -3*h, -5*q - 3*h = -7*h - 495. What is the highest common divisor of 9 and q?
9
Let x = -30 - -31. Calculate the greatest common divisor of 1 and x.
1
Suppose -188 + 748 = 5*g + 3*d, -g = 2*d - 112. Calculate the greatest common divisor of 16 and g.
16
Suppose -3*d - 52 = -l, 7*d - 2*d = 2*l - 105. What is the highest common divisor of l and 11?
11
Suppose 2*i + 27 + 17 = 3*u, 3*i - 24 = -3*u. Suppose 36 = 3*a - 0*a. What is the greatest common factor of u and a?
12
Let r = -9 + 42. Calculate the highest common divisor of r and 44.
11
Suppose d + 11 = 3*d - m, -2*d + 13 = -3*m. What is the highest common factor of 45 and d?
5
Let p = 0 + 4. Let v(c) = c**3 - 4*c**2 + 4*c + 2. Let b be v(p). Calculate the highest common factor of 6 and b.
6
Let y(b) = b**3 - 11*b**2 + 13*b - 14. Let z be y(10). Suppose z*o - 15*o = 32. What is the highest common factor of o and 16?
16
Let s(j) = j**3 + 11*j**2 + 7*j + 14. Let f be s(-7). Calculate the greatest common factor of f and 23.
23
Suppose -2*b = -3*g + 17, 5 + 2 = -3*g - 4*b. Suppose g*l - 47 - 34 = 0. What is the greatest common divisor of 216 and l?
27
Let y(h) = 2*h + 4. Let t be y(1). What is the highest common factor of 48 and t?
6
Let n(z) = z**3 + 13*z**2 + 19*z - 25. Let t be n(-11). Let m = -34 - -74. What is the highest common divisor of m and t?
8
Suppose -t - 24 = -5*t. What is the highest common factor of t and 66?
6
Let j(t) = 3*t**2 - 6*t - 5. Let y be j(5). Calculate the greatest common factor of y and 10.
10
Let c = 14 + -9. Suppose 0*f + 29 = f - c*t, 4*f = 4*t + 100. Suppose 4 + 11 = 5*u. What is the greatest common factor of u and f?
3
Suppose 5*p = -r + 172, -6*p + p + 546 = 3*r. Let f be (-34)/4*(2 + -4). Calculate the greatest common divisor of f and r.
17
Let t(d) = -d**3 + 5*d**2 - 2*d - 5. Let r be t(4). Suppose 3*f + 3*g = -18, -f + g + 14 = -r*g. Let s = 10 + f. What is the highest common factor of s and 12?
4
Let a be 0 + -2 - -2 - 13. Let l = a - -19. Suppose -f + 3 + 1 = 0. Calculate the greatest common factor of f and l.
2
Let l be 3/6*-2 - -120. Let w = l + -74. Calculate the highest common factor of 9 and w.
9
Suppose 2*n - 9 - 17 = 0. What is the highest common factor of n and 26?
13
Suppose -j + 5*f + 23 = 0, 4*f + 2 = -3*j - 5. Suppose 0 = -j*p - 7 + 76. Suppose 2*o - p = 103. What is the greatest common factor of o and 9?
9
Let p be 39/1 + -1 - 2. What is the greatest common factor of p and 48?
12
Let j(h) = -10*h**3 - 1. Suppose 2 = -4*m - 2. Let z be j(m). What is the highest common divisor of z and 9?
9
Suppose -3*x + 2 = -7. Let k be (28 - 1) + 0 + x. Calculate the greatest common divisor of k and 12.
6
Suppose -8*o = -386 - 910. What is the greatest common factor of 18 and o?
18
Suppose -t + 94 = 2*p, 5*t - 2*p = 2*p + 512. What is the highest common factor of 25 and t?
25
Let h(g) = -13*g - 8. Let c be h(-3). Calculate the greatest common factor of c and 217.
31
Let v = 3 + 1. Suppose 5*f + 3 + 161 = 2*c, -4*f = -v*c + 340. Suppose 267 = 4*q + c. Calculate the greatest common factor of 9 and q.
9
Let r = -13 + 11. Let k(f) = -38*f - 1. Let v be k(r). What is the greatest common factor of 15 and v?
15
Suppose -2*x + 6*x = -2*p + 114, 4*x = -4*p + 108. What is the highest common divisor of x and 70?
10
Let f(k) = -17*k - 27. Let p be f(-11). What is the greatest common divisor of p and 32?
32
Let d be 3*9 - (16 - 15). What is the greatest common divisor of 65 and d?
13
Suppose 0 = -2*j - n + 50, 3*j - n - 85 = -0*j. What is the greatest common divisor of 3 and j?
3
Suppose 6*v - 3*v + 84 = -g, -4*g - 112 = 4*v. Let r = v + 20. Let m = r - -19. What is the highest common divisor of 44 and m?
11
Suppose -4*w + 18 = -m - 27, -4*m = 3*w - 10. Let f be (-7032)/(-40) + 2/w. What is the highest common factor of 16 and f?
16
Let c be 3/9 + (-832)/3. Let v = -165 - c. What is the highest common factor of 16 and v?
16
Let s = 103 - 93. What is the greatest common divisor of s and 100?
10
Let l be (-6)/(-2) + 0 + -2. What is the greatest common divisor of l and 1?
1
Let m be (-11 - -3)/((-2)/13). Let x = m - 31. Calculate the greatest common factor of x and 147.
21
Let u be (1 - (-9)/(-15))/((-2)/(-50)). Calculate the greatest common divisor of 40 and u.
10
Let f = 65 - 33. Suppose -1303 + 503 = -5*l. What is the highest common divisor of l and f?
32
Suppose 0 = -2*l + 12 + 2. Let a(n) = n**3 + 14*n**2 + 9*n + 4. Let b be a(-13). Calculate the greatest common factor of b and l.
7
Let r = 6 + -1. Suppose -2*i + 2*c + 10 = -0*c, -4*i + 8 = -c. Calculate the highest common divisor of r and i.
1
Let v(h) = h**2 - 17*h + 17. Let d be v(17). What is the greatest common divisor of d and 136?
17
Suppose -f = i + 2*f - 15, i = 4*f - 13. Calculate the greatest common factor of 12 and i.
3
Let t = 0 + 4. Suppose -46 + 7 = -2*l + 5*p, -20 = t*p. Let n(w) = w + 1. Let k be n(l). Calculate the greatest common divisor of 64 and k.
8
Let l(y) = -2*y**3 - 2*y**2 + y. Let f be l(-2). Let m = 13 + f. Calculate the highest common factor of 95 and m.
19
Suppose -1 = -2*g + 3. Suppose -167 = -g*m - i, 3*m - m = 3*i + 147. Calculate the greatest common divisor of 9 and m.
9
Suppose -6*u + 319 = 91. Calculate the highest common factor of u and 95.
19
Let u(d) = 54*d**2 - d - 2. Let q be u(-1). Suppose z + 22 = 2*g - z, 5*g - 4*z = q. What is the highest common divisor of g and 36?
9
Let s be 7 + 6/(-3) + 0. Suppose 0 = -o - s + 23. What is the highest common divisor of o and 27?
9
Let d be 2/(-9) - 152/(-36). Suppose 4*s = 0, d*k + 3*s - s = 8. Suppose 11 = 3*y - k*y. What is the highest common factor of y and 44?
11
Let p = -6 + 10. Suppose -3*t + 0*g = 4*g - 34, -2*t = p*g - 24. What is the greatest common divisor of 110 and t?
10
Let u = -155 - -179. Let w = -1082 + 1636. Suppose 5*c = -3*m + 99 + w, 4*m + 3*c = 867. What is the greatest common factor of u and m?
24
Let j be (8/(-12))/(3 + (-580)/192). What is the highest common divisor of j and 32?
32
Let f = 60 + 28. Suppose -4*z + 21 = -23. Suppose 5*g - 41 = -u, 3*g = -u + 36 - z. Calculate the highest common divisor of f and g.
8
Suppose 2*g - 118 = -y, 127 = y - 0*y + 5*g. Let x be 1/((20/y)/5). What is the greatest common factor of 56 and x?
28
Let i = -126 + 224. Suppose 0 = 5*r - 302 - i. Let n(l) = l**2 - 2*l - 3. Let a be n(7). Calculate the greatest common divisor of r and a.
16
Let o(m) = m**3 + 8*m**2 + 5*m + 7. Let t be o(-3). What is the highest common factor of 185 and t?
37
Suppose t + 2 = 1. Let u = 2 + t. Let h(k) = 23*k - 1. Let r be h(u). What is the greatest common divisor of r and 33?
11
Let y be (-15)/(-3) - -3 - -3. Let g be 18 - (-3 - -5)*-2. What is the highest common factor of y and g?
11
Let f = -21 + 12. Let b be 39*((-39)/f - 3). What is the high